{"id":812,"date":"2019-10-23T17:22:39","date_gmt":"2019-10-23T17:22:39","guid":{"rendered":"https:\/\/www.healingartsbern.ch\/?page_id=812"},"modified":"2025-10-09T11:03:52","modified_gmt":"2025-10-09T11:03:52","slug":"ueber-uns","status":"publish","type":"page","link":"https:\/\/www.healingartsbern.ch\/?page_id=812","title":{"rendered":"\u00dcber uns"},"content":{"rendered":"\n<style type=\"text\/css\" data-created_by=\"avia_inline_auto\" id=\"style-css-av-2ju358-957d24663bfb21fce350bf7658fa7741\">\n#top .av-special-heading.av-2ju358-957d24663bfb21fce350bf7658fa7741{\npadding-bottom:10px;\n}\nbody .av-special-heading.av-2ju358-957d24663bfb21fce350bf7658fa7741 .av-special-heading-tag .heading-char{\nfont-size:25px;\n}\n.av-special-heading.av-2ju358-957d24663bfb21fce350bf7658fa7741 .av-subheading{\nfont-size:15px;\n}\n<\/style>\n<div  class='av-special-heading av-2ju358-957d24663bfb21fce350bf7658fa7741 av-special-heading-h1 blockquote modern-quote  avia-builder-el-0  el_before_av_one_full  avia-builder-el-first '><h1 class='av-special-heading-tag'  itemprop=\"headline\"  >\u00dcber uns<\/h1><div class=\"special-heading-border\"><div class=\"special-heading-inner-border\"><\/div><\/div><\/div>\n\n<style type=\"text\/css\" data-created_by=\"avia_inline_auto\" id=\"style-css-av-8m4z8-9b2da11fb2e26e9481e9ffde340d70f5\">\n.flex_column.av-8m4z8-9b2da11fb2e26e9481e9ffde340d70f5{\nborder-radius:0px 0px 0px 0px;\npadding:0px 0px 0px 0px;\n}\n<\/style>\n<div  class='flex_column av-8m4z8-9b2da11fb2e26e9481e9ffde340d70f5 av_one_full  avia-builder-el-1  el_after_av_heading  el_before_av_one_half  first flex_column_div av-zero-column-padding  '     ><section  class='av_textblock_section av-29p5ss-cb4602aeadb7b0629dc33648b7034813 '   itemscope=\"itemscope\" itemtype=\"https:\/\/schema.org\/CreativeWork\" ><div class='avia_textblock'  itemprop=\"text\" ><\/div><\/section><\/div>\n\n<style type=\"text\/css\" data-created_by=\"avia_inline_auto\" id=\"style-css-av-21mb4c-eed82db75b035db1acbb8c1d5a981f8e\">\n.flex_column.av-21mb4c-eed82db75b035db1acbb8c1d5a981f8e{\nborder-radius:0px 0px 0px 0px;\npadding:0px 0px 0px 0px;\n}\n<\/style>\n<div  class='flex_column av-21mb4c-eed82db75b035db1acbb8c1d5a981f8e av_one_half  avia-builder-el-3  el_after_av_one_full  el_before_av_one_half  first flex_column_div av-zero-column-padding  column-top-margin'     ><section  class='av_textblock_section av-1udtt0-88d4862082170b6e70d94035729c47a4 '   itemscope=\"itemscope\" itemtype=\"https:\/\/schema.org\/CreativeWork\" ><div class='avia_textblock'  itemprop=\"text\" ><h3><strong>Simone Frei<\/strong><\/h3>\n<p>Nach meiner TCM-Ausbildung an der Schule Tao Chi in Z\u00fcrich habe ich in verschiedenen Praxen und Institutionen meine Praktika absolviert, unter anderem im China Labor der Bollwerk Apotheke in Bern und im WHO-Spital in Hanoi in Vietnam. Neben meiner Arbeit in eigener Praxis, behandle ich auch im Tian Institut in Bern.<\/p>\n<\/div><\/section><br \/>\n<section  class='av_textblock_section av-1q1g6c-0296fb27bc16122cbebafb0c7186a226 '   itemscope=\"itemscope\" itemtype=\"https:\/\/schema.org\/CreativeWork\" ><div class='avia_textblock'  itemprop=\"text\" ><p>Naturheilpraktikerin mit eidg. Diplom in TCM<br \/>\n(Akupunktur, Tuina, Chinesische Arzneimittel)<\/p>\n<ul>\n<li>Dipl. Akupunkteurin TCM-FVS<\/li>\n<li>Dipl. Herbalistin TCM-FVS<\/li>\n<li>Dipl. Tuina Therapeutin TCM-FVS<\/li>\n<li>Dipl. Med. Qi Gong Therapeutin<\/li>\n<li>Dipl. Fussreflexzonenmassage Therapeutin<\/li>\n<li>Bach Bl\u00fcten Beraterin<\/li>\n<\/ul>\n<\/div><\/section><br \/>\n<section  class='av_textblock_section av-1kvrrg-5c9db590f2dee02ab46227ad9f4770b4 '   itemscope=\"itemscope\" itemtype=\"https:\/\/schema.org\/CreativeWork\" ><div class='avia_textblock'  itemprop=\"text\" ><p>Weiterbildungen in Gyn\u00e4kologie (inkl. Kinderwunsch, Schwangerschaft, Wochenbett), Zertifikatslehrgang in Onkologie, Weiterbildungen in Dermatologie, Allergien, Rheumatologie, Schmerzbehandlungen des Bewegungsapparates, Magendamrerkrankungen und Ern\u00e4hrung nach TCM.<\/p>\n<\/div><\/section><\/p><\/div>\n\n<style type=\"text\/css\" data-created_by=\"avia_inline_auto\" id=\"style-css-av-1gq89w-ab2b9e734e4a2a78d4c4e0371390d86f\">\n.flex_column.av-1gq89w-ab2b9e734e4a2a78d4c4e0371390d86f{\nborder-radius:0px 0px 0px 0px;\npadding:0px 0px 0px 0px;\n}\n<\/style>\n<div  class='flex_column av-1gq89w-ab2b9e734e4a2a78d4c4e0371390d86f av_one_half  avia-builder-el-7  el_after_av_one_half  el_before_av_one_half  flex_column_div av-zero-column-padding  column-top-margin'     ><style type=\"text\/css\" data-created_by=\"avia_inline_auto\" id=\"style-css-av-1752ck-e6205dc6416f46c0f8e5204bd80c4db8\">\n.avia-image-container.av-1752ck-e6205dc6416f46c0f8e5204bd80c4db8 img.avia_image{\nbox-shadow:none;\n}\n.avia-image-container.av-1752ck-e6205dc6416f46c0f8e5204bd80c4db8 .av-image-caption-overlay-center{\ncolor:#ffffff;\n}\n<\/style>\n<div  class='avia-image-container av-1752ck-e6205dc6416f46c0f8e5204bd80c4db8 av-styling- avia-align-center  avia-builder-el-8  avia-builder-el-no-sibling '   itemprop=\"image\" itemscope=\"itemscope\" itemtype=\"https:\/\/schema.org\/ImageObject\" ><div class=\"avia-image-container-inner\"><div class=\"avia-image-overlay-wrap\"><img decoding=\"async\" class='wp-image-964 avia-img-lazy-loading-not-964 avia_image ' src=\"https:\/\/www.healingartsbern.ch\/wp-content\/uploads\/2023\/08\/IMG_7159-225x300.jpeg\" alt='' title='IMG_7159'  height=\"300\" width=\"225\"  itemprop=\"thumbnailUrl\" srcset=\"https:\/\/www.healingartsbern.ch\/wp-content\/uploads\/2023\/08\/IMG_7159-225x300.jpeg 225w, https:\/\/www.healingartsbern.ch\/wp-content\/uploads\/2023\/08\/IMG_7159-529x705.jpeg 529w, https:\/\/www.healingartsbern.ch\/wp-content\/uploads\/2023\/08\/IMG_7159.jpeg 600w\" sizes=\"(max-width: 225px) 100vw, 225px\" \/><\/div><\/div><\/div><\/div>\n\n<style type=\"text\/css\" data-created_by=\"avia_inline_auto\" id=\"style-css-av-14quyc-c2a42819e68c2a8ba4ae1a97f2595e76\">\n.flex_column.av-14quyc-c2a42819e68c2a8ba4ae1a97f2595e76{\nborder-radius:0px 0px 0px 0px;\npadding:0px 0px 0px 0px;\n}\n<\/style>\n<div  class='flex_column av-14quyc-c2a42819e68c2a8ba4ae1a97f2595e76 av_one_half  avia-builder-el-9  el_after_av_one_half  el_before_av_one_half  first flex_column_div av-zero-column-padding  column-top-margin'     ><section  class='av_textblock_section av-vp6f0-505aa84f9a979544d9d3eab73eb294e6 '   itemscope=\"itemscope\" itemtype=\"https:\/\/schema.org\/CreativeWork\" ><div class='avia_textblock'  itemprop=\"text\" ><h3><strong>D\u00e9sir\u00e9e Meyer<br \/>\n<\/strong><\/h3>\n<p>Als diplomierte Sozialp\u00e4dagogin begleite und berate ich seit 25 Jahren Menschen in unterschiedlichen sozialen Kontexten. Im Studium Soziale Arbeit habe ich mich zu den Themen Kindheit\/Jugend und Gesundheit vertieft und mich laufend nach systemisch-l\u00f6sungsorientierten Ans\u00e4tzen in der psychosozialen Beratung weitergebildet. Weil ich Menschen in ihrer Ganzheit abholen m\u00f6chte, sind mir auch alternative Zug\u00e4nge zur Selbstwahrnehmung wichtig, wie bespielsweise Achtsamkeits\u00fcbungen, orientiert am erfahrbaren Atem nach Ilse Middendorf. Ebenso die Bach Bl\u00fcten &#8211; sie erm\u00f6glichen es, Menschen auf ganzheitliche Weise in ihrem Heilungsprozess zu begleiten.<\/p>\n<\/div><\/section><br \/>\n<section  class='av_textblock_section av-rfb2c-8e8f5a04e8ecd0770a750792ea6ed414 '   itemscope=\"itemscope\" itemtype=\"https:\/\/schema.org\/CreativeWork\" ><div class='avia_textblock'  itemprop=\"text\" ><ul>\n<li>CAS Systemische Beratung mit Familien, Eltern und Paaren \/ Berner Fachhochschule<\/li>\n<li>Bach Bl\u00fcten Beraterin \/\u00a0Bach Foundation Registered Practitioner (BFRP)<\/li>\n<li>Regelm\u00e4ssige Praxis des erfahrbaren Atems nach Ilse Middendorf und Meditation<\/li>\n<li>vertiefte Auseinandersetzung und Erfahrung in Sterbe- und Trauerbegleitung<\/li>\n<li>Bachelor in Sozialer Arbeit FH \/ Fachhochschule Nordwestschweiz<\/li>\n<li>Diplomierte Sozialp\u00e4dagogin HF \/ BFF Bern<\/li>\n<li>Mutter von zwei Kindern (2012\/2015)<\/li>\n<\/ul>\n<\/div><\/section><\/p><\/div>\n<style type=\"text\/css\" data-created_by=\"avia_inline_auto\" id=\"style-css-av-h17h0-53b820edd8c14f22ccc75be4864412e4\">\n.flex_column.av-h17h0-53b820edd8c14f22ccc75be4864412e4{\nborder-radius:0px 0px 0px 0px;\npadding:0px 0px 0px 0px;\n}\n<\/style>\n<div  class='flex_column av-h17h0-53b820edd8c14f22ccc75be4864412e4 av_one_half  avia-builder-el-12  el_after_av_one_half  avia-builder-el-last  flex_column_div av-zero-column-padding  column-top-margin'     ><style type=\"text\/css\" data-created_by=\"avia_inline_auto\" id=\"style-css-av-8rzmk-23328c95b77431b901bdabc60e577b70\">\n.avia-image-container.av-8rzmk-23328c95b77431b901bdabc60e577b70 img.avia_image{\nbox-shadow:none;\n}\n.avia-image-container.av-8rzmk-23328c95b77431b901bdabc60e577b70 .av-image-caption-overlay-center{\ncolor:#ffffff;\n}\n<\/style>\n<div  class='avia-image-container av-8rzmk-23328c95b77431b901bdabc60e577b70 av-styling- av-hover-grow avia-align-center  avia-builder-el-13  avia-builder-el-no-sibling '   itemprop=\"image\" itemscope=\"itemscope\" itemtype=\"https:\/\/schema.org\/ImageObject\" ><div class=\"avia-image-container-inner\"><div class=\"avia-image-overlay-wrap\"><img decoding=\"async\" class='wp-image-985 avia-img-lazy-loading-not-985 avia_image ' src=\"https:\/\/www.healingartsbern.ch\/wp-content\/uploads\/2023\/11\/IMG_7490-2-198x300.jpg\" alt='' title='IMG_7490 2'  height=\"300\" width=\"198\"  itemprop=\"thumbnailUrl\" srcset=\"https:\/\/www.healingartsbern.ch\/wp-content\/uploads\/2023\/11\/IMG_7490-2-198x300.jpg 198w, https:\/\/www.healingartsbern.ch\/wp-content\/uploads\/2023\/11\/IMG_7490-2-679x1030.jpg 679w, https:\/\/www.healingartsbern.ch\/wp-content\/uploads\/2023\/11\/IMG_7490-2-768x1166.jpg 768w, https:\/\/www.healingartsbern.ch\/wp-content\/uploads\/2023\/11\/IMG_7490-2-1012x1536.jpg 1012w, https:\/\/www.healingartsbern.ch\/wp-content\/uploads\/2023\/11\/IMG_7490-2-1350x2048.jpg 1350w, https:\/\/www.healingartsbern.ch\/wp-content\/uploads\/2023\/11\/IMG_7490-2-988x1500.jpg 988w, https:\/\/www.healingartsbern.ch\/wp-content\/uploads\/2023\/11\/IMG_7490-2-465x705.jpg 465w, https:\/\/www.healingartsbern.ch\/wp-content\/uploads\/2023\/11\/IMG_7490-2-scaled.jpg 1687w\" sizes=\"(max-width: 198px) 100vw, 198px\" \/><\/div><\/div><\/div><\/div><\/p>\n","protected":false},"excerpt":{"rendered":"","protected":false},"author":1,"featured_media":0,"parent":0,"menu_order":0,"comment_status":"closed","ping_status":"closed","template":"","meta":{"footnotes":""},"class_list":["post-812","page","type-page","status-publish","hentry"],"jetpack_sharing_enabled":true,"_links":{"self":[{"href":"https:\/\/www.healingartsbern.ch\/index.php?rest_route=\/wp\/v2\/pages\/812","targetHints":{"allow":["GET"]}}],"collection":[{"href":"https:\/\/www.healingartsbern.ch\/index.php?rest_route=\/wp\/v2\/pages"}],"about":[{"href":"https:\/\/www.healingartsbern.ch\/index.php?rest_route=\/wp\/v2\/types\/page"}],"author":[{"embeddable":true,"href":"https:\/\/www.healingartsbern.ch\/index.php?rest_route=\/wp\/v2\/users\/1"}],"replies":[{"embeddable":true,"href":"https:\/\/www.healingartsbern.ch\/index.php?rest_route=%2Fwp%2Fv2%2Fcomments&post=812"}],"version-history":[{"count":62,"href":"https:\/\/www.healingartsbern.ch\/index.php?rest_route=\/wp\/v2\/pages\/812\/revisions"}],"predecessor-version":[{"id":1077,"href":"https:\/\/www.healingartsbern.ch\/index.php?rest_route=\/wp\/v2\/pages\/812\/revisions\/1077"}],"wp:attachment":[{"href":"https:\/\/www.healingartsbern.ch\/index.php?rest_route=%2Fwp%2Fv2%2Fmedia&parent=812"}],"curies":[{"name":"wp","href":"https:\/\/api.w.org\/{rel}","templated":true}]}}